e the remainder when m is divided by 3.
0
Suppose 4*f - 68 + 8 = 0. Let p = 5 + 1. Calculate the remainder when f is divided by p.
3
Let n = -126 - -259. Calculate the remainder when n is divided by 35.
28
Let k(y) = 136*y**3 + 2*y**2 + y - 2. Let a(j) = 2*j**2 + 3*j. What is the remainder when k(1) is divided by a(-5)?
32
Calculate the remainder when 2/(2/8*(-7)/(-28)) is divided by 6.
2
Suppose -k = -2*k - 4. Let l be (-12)/8*k/3. Suppose -l*f + 2 = 5*j - 11, 4*f + 4 = 0. What is the remainder when 10 is divided by j?
1
Suppose -4*d - 2*b = -258, -3*d + 214 = 5*b + 17. Suppose 4*q - j + 3*j = 64, 3*j = 4*q - d. What is the remainder when (-246)/(-4) + 2/(-4) is divided by q?
13
Let h(n) = 5*n**2 + n**3 + 2*n**2 - n + 8*n + 8. Suppose 3*m + 1 - 7 = 0. Calculate the remainder when h(-6) is divided by m.
0
Let u be (597/(-3) - -3) + 2. Calculate the remainder when (-2)/(-3) - u/6 is divided by 17.
16
What is the remainder when ((-1596)/105)/(4/(-10)) is divided by 10?
8
Suppose -8*p + 4*p = 0. Suppose 5*f - 3*u - 21 = p, 0*f - f - 2*u = 1. Suppose 5*n + 37 = f*r, 4 = -3*n + n. Calculate the remainder when 26 is divided by r.
8
Let f = -1 - -1. Let q(i) = i - i - i + f. What is the remainder when 5 is divided by q(-4)?
1
Suppose -16 + 351 = 5*h. What is the remainder when h is divided by 10?
7
Let y(j) = j + 6. Let w(f) = 3*f**2 - f + 1. What is the remainder when y(15) is divided by w(2)?
10
Let l(w) = -w + 5. Let i be l(6). Calculate the remainder when 46 is divided by 13 + i - (3 - 3).
10
Let o = 62 - 36. What is the remainder when 50 is divided by o?
24
Suppose 4*k - 174 = 2. Let p(j) = -j**2 + 8*j + 5. Calculate the remainder when (-1)/(k/46 - 1) is divided by p(7).
11
Calculate the remainder when 2/(-1) + 45 + 10 is divided by 14.
11
Suppose 0 = q + 5*s - 27, 3*q + 19 = -0*s + 5*s. Let p(j) = j**2 + 6*j + 2. What is the remainder when q is divided by p(-6)?
0
Let o(r) = 6*r + 2*r**3 - 3*r**3 - 8*r**2 + 5 - 1. What is the remainder when o(-9) is divided by 11?
9
Let q(v) = 4*v + 6. Let z be (-1)/5 + (-19)/5. Let b be q(z). Let f = 35 + b. What is the remainder when f is divided by 13?
12
Suppose l - 3*l + 32 = 0. What is the remainder when l is divided by 6?
4
Let n(k) = -k**3 + 4*k**2 + k - 5. Calculate the remainder when 10 is divided by n(3).
3
Let o = -21 + 30. Let r be (-55)/(-15) + (-4)/6. What is the remainder when o is divided by (-5)/2*(-5 + r)?
4
Suppose -32 = 4*m + 68. What is the remainder when (-10)/m*(110 + 0) is divided by 16?
12
Let q = 4 + -1. Let z(x) = 3*x - 1. Calculate the remainder when z(2) is divided by q.
2
Suppose 153 + 120 = 13*v. Calculate the remainder when 62 is divided by v.
20
Let y = -4 - -12. Let s = 15 - 8. Suppose -35 = -3*h + s. What is the remainder when h is divided by y?
6
Let p(b) = 7*b - 1. Let g be p(5). Suppose -5*a - 3*n - 11 = -42, -5*a - 2*n = -g. Calculate the remainder when (28/8)/((-4)/(-16)) is divided by a.
6
Suppose -4*h = z - 114, 5*h = -3*z + 20 + 119. Calculate the remainder when 115 is divided by h.
28
Let i = 280 + -168. Calculate the remainder when i is divided by 29.
25
Suppose -16*j - 4 = -15*j. Let o(p) = p**3 + 6*p**2 - 2*p - 1. Calculate the remainder when 186/j*4/(-6) is divided by o(-6).
9
Let u(t) = t**3 - 4*t**2 - 15. Calculate the remainder when u(5) is divided by 2.
0
Let f be (-30)/(-12)*(-8)/(-10). Suppose -3*i = -f*i - 4. Suppose -i*u = -2*u - 28. Calculate the remainder when 41 is divided by u.
13
Suppose -3 = 5*f + 7. What is the remainder when (-146)/(-4) + f/(-4) is divided by 13?
11
Suppose -3*p - 5*u = -15, -p - 2*u + 5*u = -5. Suppose -3*k = -p*k - 8. Calculate the remainder when 48 is divided by 2 + -5 + (24 - k).
23
Suppose 0 = -3*q - 3*u + 6, -5*q = -3*u - 2*u - 10. What is the remainder when 0 + 22 - (5 - q) is divided by 5?
4
Suppose 0 = -0*z + 3*z. Calculate the remainder when (26 - 4) + z/(-1) is divided by 8.
6
Suppose 6*z - 7*z + 47 = 0. Calculate the remainder when z is divided by 17.
13
Let v = -2 - -3. Let z = 4 + -4. What is the remainder when 11 is divided by -1 - v*-5 - z?
3
Let a(k) = -k**2 + 22*k + 7. Suppose 0 = 3*y - 14 + 2. What is the remainder when a(22) is divided by y?
3
Suppose 2*h + n = h + 11, -4*h - n + 53 = 0. Calculate the remainder when 83 is divided by h.
13
Let d = -29 - -43. Let q = 36 + -9. Calculate the remainder when q is divided by d.
13
Let m(z) = -z**3 + z**2 + z + 28. Let r = 0 + 0. Let g be m(r). Suppose -i - 10 = -5*n + 4, 0 = -4*i - n + g. What is the remainder when 16 is divided by i?
4
Let d(k) = 5*k - 3. Calculate the remainder when d(1) is divided by 2.
0
Calculate the remainder when 90 is divided by (108/16 - -1)/(3/12).
28
Let b = -124 + 89. Let t = 74 + b. Calculate the remainder when t is divided by 14.
11
Let d(c) = -c - 11. What is the remainder when d(-13) is divided by 1?
0
Suppose -25 = -5*j - 5. Suppose 5*m = j*m + 22. What is the remainder when 41 is divided by m?
19
What is the remainder when 2/5 + (-1689)/(-15) is divided by 23?
21
Suppose 1 + 5 = 2*n. Suppose 3*x = -u + 48, x - 3*u = -n*x + 51. Calculate the remainder when x is divided by 4.
3
Suppose 2*n - 5 = 7. Suppose 5*z - n = -4*v, 4*z + 0*v = -3*v + 5. Let q(s) = s**3 - s + 5. What is the remainder when q(0) is divided by z?
1
Suppose 2*n + 6 = -8. Calculate the remainder when 8 is divided by 4 - (n - -3 - -2).
2
Suppose -2*m + 19 + 13 = 0. Suppose -h = 2*h - 30. What is the remainder when 6/(0 - -3) + m is divided by h?
8
What is the remainder when 3 is divided by 3*(44/(-12) - -4)?
0
What is the remainder when ((-2)/6)/((-6)/882) is divided by 17?
15
Let d = -9 + 14. Suppose -d*c = -6*c + 46. What is the remainder when c is divided by 12?
10
Let t(o) = o + 8. What is the remainder when 95 is divided by t(6)?
11
Let u(p) = 4*p**3 + 9*p**2 - 2*p + 1. Let g(m) = 5*m**3 + 10*m**2 - 3*m + 2. Let i(r) = -3*g(r) + 4*u(r). What is the remainder when i(-5) is divided by 10?
8
Let j be (1/(-2))/((-2)/8). Suppose j*g + 3*g + 20 = 0. Calculate the remainder when 2 is divided by g/18 - 66/(-54).
0
Let y = -57 + 70. Calculate the remainder when y is divided by 5.
3
Suppose -a = -5*a. Suppose 212 = 13*w + 17. Calculate the remainder when w is divided by (a + 1)*(1 - -8).
6
Let y(l) = l**2 - l + 4. Suppose -87 = -4*f - 23. Suppose 0 = -5*q - 5*s + f + 4, -s + 11 = 2*q. Calculate the remainder when y(q) is divided by 16.
14
Let u(d) = d**2 + d. Let c be u(3). Suppose -c = -4*k + 64. Suppose 0 = 5*v - p - 27 - 5, 0 = -v - 5*p + 22. Calculate the remainder when k is divided by v.
5
Suppose 4*b - 2*b - 56 = 2*g, 3*b + 2*g = 64. What is the remainder when b is divided by 13?
11
Let c be -1 + -2 - 3*-1. Suppose -2*j + 26 = -2*f, c = 3*j + 3*f + 7 - 52. Let s = j + -7. What is the remainder when s is divided by 2?
1
Suppose -g + 106 = 4*g + k, -81 = -4*g + 3*k. What is the remainder when 57 is divided by g?
15
Suppose 0 = -w + 5*f + 2, -5*f + 2*f = -2*w + 32. Calculate the remainder when 64 is divided by w.
20
Let z(j) = j**2 - 2*j. Suppose -2*u = -2*q + 5*q - 60, 0 = -3*u - 9. Calculate the remainder when q is divided by z(4).
6
Let q = -13 + 16. What is the remainder when 4 is divided by q?
1
Let z(q) = q**3 - 4*q**2 + 5*q - 4. Let j be z(3). Let x be 4/(-4) + 4*j. Let h = x + -3. Calculate the remainder when 7 is divided by h.
3
Suppose 0 = 25*o - 22*o - 30. Calculate the remainder when 18 is divided by o.
8
Let m be 1*3*6/(-9). Let k be 21 - m - (-3)/3. Let j = -14 + k. What is the remainder when j is divided by 3?
1
Let r = 11 + -11. Suppose r = -2*a + h + 1 + 35, -3*a - h = -59. Let d = 6 + 4. Calculate the remainder when a is divided by d.
9
Let o(b) = 100*b + 1. Calculate the remainder when o(2) is divided by 34.
31
Let r(n) = -6*n + 14. Let g(h) = -h + 3. Let y(u) = 11*g(u) - 2*r(u). What is the remainder when (1 - -41) + (1 - 0) is divided by y(10)?
13
Suppose 4*k + k - 2 = 2*b, -3*k = 3*b - 39. Calculate the remainder when 14 is divided by b.
5
Suppose -2*w - 3*w = -280. Suppose -w = -2*j - y + 39, -j = -3*y - 44. What is the remainder when j is divided by 12?
11
Let j = 46 + 4. Let z = j - 7. What is the remainder when z is divided by 22?
21
Let p = -23 - -39. Suppose 4*j + p = -b, 2*j - 3 = -5*b + 7. Let t(l) = -2*l - 5. Calculate the remainder wh